pose j = 13*d - 3468. What is the tens digit of d?
1
Suppose -5*b = 2*h - 21710, 2*b - 8660 = 9*h - 5*h. Suppose -3353 - b = -7*d. What is the thousands digit of d?
1
Let c(s) = -1021*s + 11. Let m be c(-9). Suppose 12*v - m = -2264. Suppose -3*a = -6*o + 2*o + 468, -2*a = -5*o + v. What is the tens digit of o?
1
Suppose 0 = 51*f - 56*f + 60. What is the hundreds digit of (-336)/(2/(-3)*27/f)?
2
Let j(c) be the second derivative of -3*c**3/2 - 7*c**2/2 - 23*c. Let r be j(-11). Let k = r + -42. What is the units digit of k?
0
Let w = 9 - -141. Let c be (34/(-3))/((-5)/w*2). Let z = c - 87. What is the tens digit of z?
8
Let s(c) = -44*c - 16 - 89*c**2 + 47*c**2 - c**3 - 18 + 63*c**2. What is the tens digit of s(17)?
7
What is the hundreds digit of 1033380/(-135)*(-18)/4*1?
4
Suppose 0 = -l - 0 - 3, -3*a - 5*l = -300. Suppose 106*d = a*d + 97. What is the units digit of d?
7
Suppose -4 = 2*f + 4*n, -3 = 3*n + 3. What is the units digit of ((-4544)/(-48))/(f/9)?
6
Let g(m) = -687*m + 1970. What is the units digit of g(-12)?
4
Let o(m) = -2*m + 55. Let t be o(30). What is the tens digit of t - (81376/(-96) - (-4)/6)?
4
Let q(d) = -193*d - 168. What is the units digit of q(-35)?
7
Let y(x) = 22*x**2 + 105*x - 28. What is the units digit of y(-21)?
9
Let l(m) be the third derivative of -89*m**4/12 - m**3/3 - m**2 + 3*m. What is the units digit of l(-2)?
4
Let d = -2642 - -4024. Suppose -d = -7*z + 256. What is the hundreds digit of z?
2
Let l be 4/10 - 660/25. Let h = 18 + l. Let m(o) = -8*o + 38. What is the units digit of m(h)?
2
Let k be ((-20)/50)/((-2)/(-40)). Let t be 15/((-540)/k) + (-358)/(-9). Let g = t - -4. What is the units digit of g?
4
Let m = 436 + -434. Let k(h) = 263*h + 5. What is the hundreds digit of k(m)?
5
Let v be ((-42)/12)/(1/24). Let o = -40 - v. Let c = o + 28. What is the units digit of c?
2
Let z = -36139 + 60406. What is the units digit of z?
7
Suppose 22380092 = -44*n + 315*n + 4336912. What is the hundreds digit of n?
5
Let w = -1974 + 7970. What is the tens digit of w?
9
Let h = 43 - 39. Let n be 7/(-9) + h/(-18). What is the tens digit of n/9 - (-7299)/81?
9
Let z = 123 + -111. Let c be 3*4/z*3/1. Suppose 4 = -4*r, -t + 5*r = -c*t + 325. What is the hundreds digit of t?
1
Let m(z) = 1067*z + 1011. Let d be m(-1). Suppose -q - 20 = -2*q. What is the units digit of (-2 + d/q + 0)*-30?
4
Let c = -233 + 223. What is the units digit of ((-30)/c)/((-1)/(-11))*5?
5
Let o = 1875 - 1006. Suppose 5*t - 3479 = t - 5*x, -o = -t - 2*x. What is the hundreds digit of t?
8
Let m(i) = 73*i**2 + 9*i - 45. Let u(y) = -36*y**2 - 5*y + 21. Let b(g) = -4*m(g) - 9*u(g). What is the units digit of b(2)?
7
Let g be (2 - -287)/(1 + -2). Let q = g - -1050. What is the tens digit of q?
6
Suppose -3*r + 54592 = 29*r. What is the units digit of r?
6
What is the hundreds digit of 4772 + 56 - (7 - -2)?
8
Suppose 4*m - 4*b = 27457 + 17715, 3*m = -2*b + 33879. What is the units digit of m?
3
Let y(b) = 19785*b + 421. What is the thousands digit of y(3)?
9
Suppose 3*w + 0*i - 3*i - 120 = 0, 4*i + 117 = 3*w. Let g = w + -37. What is the tens digit of -1 + g/((-24)/(-260))?
6
Let z(s) = 1071*s + 1399. What is the hundreds digit of z(13)?
3
Suppose 4*b - 2*v = 80826, b + v = -7232 + 27449. What is the thousands digit of b?
0
Suppose -x = -2*l + 4, -10*x + 7*x = 4*l - 28. Suppose 2*v + 2*f = v + 2067, 0 = v - x*f - 2061. What is the thousands digit of v?
2
Let h be ((-48)/32)/(2/(-200)). Suppose 0 = -2*q - 2*b + h, 0*b = 5*q - 5*b - 415. What is the tens digit of q?
7
Let v = -1621 + 11070. What is the units digit of v?
9
Suppose 4*b + 14 - 102 = 0. Suppose -d + 5*n + 0*n - 1 = 0, 5*d = -2*n + b. Suppose 2*q + d*t = 12, -12 = -q - q - t. What is the units digit of q?
6
Let s = 39 - 37. Suppose 140 = 2*a + 5*d + 33, 3*d - 117 = -s*a. What is the tens digit of a?
6
Let o(r) = 2*r. Let p be o(1). Suppose 0 = p*s - 4*j - 16, -20 = -4*s + 2*j + 3*j. Suppose s*z - 248 = -8*z. What is the units digit of z?
1
Let v(c) = 3*c**3 - 25*c**2 - 49*c - 47. Let m(i) = 5*i**3 - 49*i**2 - 96*i - 96. Let g(p) = 4*m(p) - 7*v(p). What is the tens digit of g(-20)?
6
Suppose 237357 + 2277586 = 68*h - 1590625. What is the ten thousands digit of h?
6
Suppose 0 = p + p - 14. Let y(b) be the second derivative of b**4/4 - b**3/2 - 8*b**2 + 199*b - 1. What is the tens digit of y(p)?
1
Suppose -43457 = -5*m - 2*w, 0 = 5*m - 2*m + 5*w - 26097. What is the units digit of m?
9
Suppose 0 = -19*g + 16*g + 75. Let q = -20 + g. Suppose s + j + 2*j - 168 = 0, 3*j + 768 = q*s. What is the hundreds digit of s?
1
Let r(k) = k**3 - 14*k**2 + 13*k - 5. Suppose 24*w = 22*w + 24. Let i be r(w). Let h = 273 + i. What is the hundreds digit of h?
1
Let f(o) = -o**2 - 98*o + 802. What is the hundreds digit of f(-83)?
0
Let j = -580 - -198. Suppose 0 = -46*m - 10*m - 30072. Let g = j - m. What is the units digit of g?
5
Let u = -47 + 51. Suppose 5*t - 1525 = -5*p, 612 = t + t + u*p. What is the hundreds digit of t?
3
Suppose f = -5, -2*o = 2*o + 3*f + 2931. Let i = o - -1249. What is the hundreds digit of i?
5
Suppose -5*g - 849*u + 853*u = -21711, u - 1 = 0. What is the hundreds digit of g?
3
Let r = 89 + -94. What is the hundreds digit of (-110)/(-275) - (7203/r + 0)?
4
Suppose 2*w = 267 - 65. Suppose -8 = -2*m - 22. Let i = m + w. What is the tens digit of i?
9
Suppose -5*b = -2*r + 78, 4*r = 6*b - b + 156. Let d = 60 - r. Let i = -1 + d. What is the units digit of i?
0
Suppose -2*o = 3*b - 11, -2*b - 4 = -3*b - o. Suppose 5*n = b*m + 1735, -3*m + 1041 = 3*n - 4*m. What is the units digit of n?
7
Suppose 0 = -134*s + 3688870 + 873428. What is the units digit of s?
7
Suppose -4*p = -2*v - 4738, 2*p - 4*v - 56 = 2322. Let r = 627 + p. What is the units digit of r/20 + 6/4?
2
Let s(d) = -d + 8. Let t be s(-6). Suppose -18*q + 1396 = -t*q. Let v = -224 + q. What is the hundreds digit of v?
1
Suppose 5*o - 5*l = 111950, 0 = -2*o - 18*l + 14*l + 44792. What is the units digit of o?
2
Suppose -9 = 3*b, 338*k - 336*k - 5*b - 49511 = 0. What is the tens digit of k?
4
Let c(b) = 1348*b**2 - 547*b - 1100. What is the thousands digit of c(-2)?
5
Let w(l) = l**2 - 8*l - 7. Let n be w(5). Suppose -3*q = -3*k + 6, 3*k + 0*k - 5*q - 8 = 0. What is the tens digit of (-1)/((2/n)/k)?
1
Suppose -97*c + 945058 = 297195. What is the units digit of c?
9
Suppose 0 = -3*g - 5*k + 80069, 5*g - 5*k = -2*k + 133369. What is the units digit of g?
8
Let g(z) = 167*z**2 - 46 - 4*z + 32 + 25. What is the hundreds digit of g(2)?
6
What is the thousands digit of (-3 - (-22275)/(-36))/((-18)/384)?
3
Let i(p) = 4*p + 0 + 23 - 2 + 1. What is the units digit of i(18)?
4
Suppose -j - 57 = -u, 5*u = -4 - 1. Let c = j - 7. Let t = 116 + c. What is the units digit of t?
1
Let m(b) = -2*b**2 + 52*b - 20. Let s be (-62)/(-465) + 328/15. Let p be m(s). Let a = 239 - p. What is the tens digit of a?
8
Suppose 4*v + 3*x = 7, -v + 35 = -6*v + 5*x. Let k be (-275)/2 + 1/v. Let s = -7 - k. What is the hundreds digit of s?
1
Let w = 419 - 414. Suppose 11*s + w*r - 1773 = 8*s, r + 599 = s. What is the tens digit of s?
9
Let j(m) = -1 + 60*m**2 + 2 - 59*m**2. Let d(p) = 142*p**2 + 2*p - 6. Let f(g) = d(g) + 8*j(g). What is the tens digit of f(-1)?
5
Let r = -7706 - -13066. Suppose 8*q - 8 - r = 0. What is the hundreds digit of q?
6
Let h be (14/(-35) - 0)/((-3)/1935). Let r = h - 233. What is the units digit of r?
5
Let s(b) = 3551*b**2 - 3*b - 78. What is the ten thousands digit of s(3)?
3
Suppose p + 5*u - 170 = -36, 3*u + 754 = 5*p. Suppose 0 = 10*d + p - 1049. What is the tens digit of 8 + ((-4)/(-6))/(20/d)?
1
Let n = 5 + -5. Let i(w) = w**2 - 19*w + 36. Let b be i(17). Suppose n = -b*o - 18 + 36. What is the units digit of o?
9
Let g(j) = 2*j**3 + 42*j**2 + j + 16. Let l be g(-21). Let v(d) = -80*d - 246. What is the units digit of v(l)?
4
Let s = -59 - -63. Suppose 8*w - 755 = 3*w - s*m, 0 = -w + 4*m + 151. What is the hundreds digit of w?
1
Let a(p) = 115*p + 3466. What is the hundreds digit of a(-23)?
8
What is the tens digit of (-29)/((28/7028)/(-1 + 0))?
7
Let x be 450/(-40)*(-8)/(-3). Let a = -26 - x. Suppose -4*k + 24 = a. What is the units digit of k?
5
Suppose -4*w - 8528 + 23264 = 0. What is the tens digit of w?
8
Let u(i) = 1620*i 